{"id":272,"date":"2026-04-08T10:54:52","date_gmt":"2026-04-08T10:54:52","guid":{"rendered":"https:\/\/kdentic.pl\/?page_id=272"},"modified":"2026-04-09T23:07:01","modified_gmt":"2026-04-09T23:07:01","slug":"o-nas","status":"publish","type":"page","link":"https:\/\/kdentic.pl\/index.php\/o-nas\/","title":{"rendered":"O nas"},"content":{"rendered":"\t\t<div data-elementor-type=\"wp-page\" data-elementor-id=\"272\" class=\"elementor elementor-272\">\n\t\t\t\t<div class=\"elementor-element elementor-element-a1e722d e-flex e-con-boxed e-con e-parent\" data-id=\"a1e722d\" data-element_type=\"container\" data-e-type=\"container\" data-settings=\"{&quot;background_background&quot;:&quot;classic&quot;}\">\n\t\t\t\t\t<div class=\"e-con-inner\">\n\t\t<div class=\"elementor-element elementor-element-25a4226 e-con-full e-flex e-con e-child\" data-id=\"25a4226\" data-element_type=\"container\" data-e-type=\"container\">\n\t\t\t\t<div class=\"elementor-element elementor-element-25292c4 elementor-widget elementor-widget-heading\" data-id=\"25292c4\" data-element_type=\"widget\" data-e-type=\"widget\" data-widget_type=\"heading.default\">\n\t\t\t\t\t<h2 class=\"elementor-heading-title elementor-size-default\">O nas<\/h2>\t\t\t\t<\/div>\n\t\t\t\t<\/div>\n\t\t\t\t\t<\/div>\n\t\t\t\t<\/div>\n\t\t<div class=\"elementor-element elementor-element-2888a5e e-flex e-con-boxed e-con e-parent\" data-id=\"2888a5e\" data-element_type=\"container\" data-e-type=\"container\" data-settings=\"{&quot;background_background&quot;:&quot;gradient&quot;}\">\n\t\t\t\t\t<div class=\"e-con-inner\">\n\t\t\t\t\t<\/div>\n\t\t\t\t<\/div>\n\t\t<div class=\"elementor-element elementor-element-76fc606 e-flex e-con-boxed e-con e-parent\" data-id=\"76fc606\" data-element_type=\"container\" data-e-type=\"container\">\n\t\t\t\t\t<div class=\"e-con-inner\">\n\t\t<div class=\"elementor-element elementor-element-0f35677 e-con-full e-flex e-con e-child\" data-id=\"0f35677\" data-element_type=\"container\" data-e-type=\"container\">\n\t\t\t\t<div class=\"elementor-element elementor-element-9275429 elementor-widget elementor-widget-image\" data-id=\"9275429\" data-element_type=\"widget\" data-e-type=\"widget\" data-widget_type=\"image.default\">\n\t\t\t\t\t\t\t\t\t\t\t\t\t\t\t<img fetchpriority=\"high\" decoding=\"async\" width=\"711\" height=\"948\" src=\"https:\/\/kdentic.pl\/wp-content\/uploads\/2026\/04\/image.jpg\" class=\"attachment-large size-large wp-image-307\" alt=\"\" srcset=\"https:\/\/kdentic.pl\/wp-content\/uploads\/2026\/04\/image.jpg 711w, https:\/\/kdentic.pl\/wp-content\/uploads\/2026\/04\/image-225x300.jpg 225w\" sizes=\"(max-width: 711px) 100vw, 711px\" \/>\t\t\t\t\t\t\t\t\t\t\t\t\t\t\t<\/div>\n\t\t\t\t<\/div>\n\t\t<div class=\"elementor-element elementor-element-e42840a e-con-full e-flex e-con e-child\" data-id=\"e42840a\" data-element_type=\"container\" data-e-type=\"container\">\n\t\t\t\t<div class=\"elementor-element elementor-element-ac84f80 elementor-widget elementor-widget-text-editor\" data-id=\"ac84f80\" data-element_type=\"widget\" data-e-type=\"widget\" data-widget_type=\"text-editor.default\">\n\t\t\t\t\t\t\t\t\t<p>Pracownia powsta\u0142a w 2011 r. <br \/>w wyniku kilku lat do\u015bwiadcze\u0144 <br \/>w renomowanych laboratoriach protetycznych na terenie kraju. Jeste\u015bmy zespo\u0142em ambitnych technik\u00f3w dentystycznych,<br \/>entuzjast\u00f3w swojej pracy<strong>.<\/strong><\/p><p><strong>\u00a0Nasz\u0105 ide\u0105 s\u0105 prace <\/strong><br \/><strong>o wysokiej estetyce<\/strong><br \/><strong><span style=\"font-style: inherit;\">i funkcjonalno\u015bci, a g\u0142\u00f3wnym atutem jest kompleksowo\u015b\u0107 rozwi\u0105za\u0144, kt\u00f3re mo\u017cemy Pa\u0144stwu zaoferowa\u0107.<\/span><\/strong><\/p><p>Wysoka jako\u015b\u0107 stosowanych materia\u0142\u00f3w, nowoczesna technologia oraz najwy\u017csza staranno\u015b\u0107 i estetyka wykonania zapewniaj\u0105 niezawodny produkt finalny. Stale doskonalimy nasze umiej\u0119tno\u015bci, uczestniczymy <br \/>w szkoleniach i kursach, inwestujemy <br \/>w nowoczesne technologie i wysokiej jako\u015bci materia\u0142y. Ka\u017cd\u0105 wykonywan\u0105 przez nas prac\u0119 traktujemy indywidualnie.<\/p>\t\t\t\t\t\t\t\t<\/div>\n\t\t\t\t<\/div>\n\t\t\t\t\t<\/div>\n\t\t\t\t<\/div>\n\t\t\t\t<\/div>\n\t\t","protected":false},"excerpt":{"rendered":"<p>O nas Pracownia powsta\u0142a w 2011 r. w wyniku kilku lat do\u015bwiadcze\u0144 w renomowanych laboratoriach protetycznych na terenie kraju. Jeste\u015bmy [&hellip;]<\/p>\n","protected":false},"author":1,"featured_media":0,"parent":0,"menu_order":0,"comment_status":"closed","ping_status":"closed","template":"","meta":{"site-sidebar-layout":"no-sidebar","site-content-layout":"","ast-site-content-layout":"full-width-container","site-content-style":"default","site-sidebar-style":"default","ast-global-header-display":"","ast-banner-title-visibility":"","ast-main-header-display":"","ast-hfb-above-header-display":"","ast-hfb-below-header-display":"","ast-hfb-mobile-header-display":"","site-post-title":"disabled","ast-breadcrumbs-content":"","ast-featured-img":"disabled","footer-sml-layout":"","ast-disable-related-posts":"","theme-transparent-header-meta":"","adv-header-id-meta":"","stick-header-meta":"","header-above-stick-meta":"","header-main-stick-meta":"","header-below-stick-meta":"","astra-migrate-meta-layouts":"default","ast-page-background-enabled":"default","ast-page-background-meta":{"desktop":{"background-color":"var(--ast-global-color-5)","background-image":"","background-repeat":"repeat","background-position":"center center","background-size":"auto","background-attachment":"scroll","background-type":"","background-media":"","overlay-type":"","overlay-color":"","overlay-opacity":"","overlay-gradient":""},"tablet":{"background-color":"","background-image":"","background-repeat":"repeat","background-position":"center center","background-size":"auto","background-attachment":"scroll","background-type":"","background-media":"","overlay-type":"","overlay-color":"","overlay-opacity":"","overlay-gradient":""},"mobile":{"background-color":"","background-image":"","background-repeat":"repeat","background-position":"center center","background-size":"auto","background-attachment":"scroll","background-type":"","background-media":"","overlay-type":"","overlay-color":"","overlay-opacity":"","overlay-gradient":""}},"ast-content-background-meta":{"desktop":{"background-color":"var(--ast-global-color-4)","background-image":"","background-repeat":"repeat","background-position":"center center","background-size":"auto","background-attachment":"scroll","background-type":"","background-media":"","overlay-type":"","overlay-color":"","overlay-opacity":"","overlay-gradient":""},"tablet":{"background-color":"var(--ast-global-color-4)","background-image":"","background-repeat":"repeat","background-position":"center center","background-size":"auto","background-attachment":"scroll","background-type":"","background-media":"","overlay-type":"","overlay-color":"","overlay-opacity":"","overlay-gradient":""},"mobile":{"background-color":"var(--ast-global-color-4)","background-image":"","background-repeat":"repeat","background-position":"center center","background-size":"auto","background-attachment":"scroll","background-type":"","background-media":"","overlay-type":"","overlay-color":"","overlay-opacity":"","overlay-gradient":""}},"footnotes":""},"class_list":["post-272","page","type-page","status-publish","hentry"],"_links":{"self":[{"href":"https:\/\/kdentic.pl\/index.php\/wp-json\/wp\/v2\/pages\/272","targetHints":{"allow":["GET"]}}],"collection":[{"href":"https:\/\/kdentic.pl\/index.php\/wp-json\/wp\/v2\/pages"}],"about":[{"href":"https:\/\/kdentic.pl\/index.php\/wp-json\/wp\/v2\/types\/page"}],"author":[{"embeddable":true,"href":"https:\/\/kdentic.pl\/index.php\/wp-json\/wp\/v2\/users\/1"}],"replies":[{"embeddable":true,"href":"https:\/\/kdentic.pl\/index.php\/wp-json\/wp\/v2\/comments?post=272"}],"version-history":[{"count":50,"href":"https:\/\/kdentic.pl\/index.php\/wp-json\/wp\/v2\/pages\/272\/revisions"}],"predecessor-version":[{"id":405,"href":"https:\/\/kdentic.pl\/index.php\/wp-json\/wp\/v2\/pages\/272\/revisions\/405"}],"wp:attachment":[{"href":"https:\/\/kdentic.pl\/index.php\/wp-json\/wp\/v2\/media?parent=272"}],"curies":[{"name":"wp","href":"https:\/\/api.w.org\/{rel}","templated":true}]}}